 57094*w + 331. Give v(-19).
-11
Let c(y) = -2*y**2 + 1090*y + 100063. Give c(-80).
63
Let n(p) = -1076*p - 18278. What is n(-17)?
14
Let z(t) = 31249*t - 218722. Calculate z(7).
21
Let u(v) = 26*v**2 - 2622*v - 3181. Determine u(102).
-121
Let z(q) = -264*q + 3434. Give z(20).
-1846
Let g(h) = -2*h**2 - 419*h + 6728. Calculate g(15).
-7
Let g(c) = -5*c**2 - 625*c - 665. Determine g(-125).
-665
Let g(z) = 8*z**2 + 253*z - 265. Calculate g(-30).
-655
Let s(z) = -z**3 + 22*z**2 - 19*z + 62. What is s(21)?
104
Let y(l) = 49*l**3 - 392*l**2 + 21*l - 17. Calculate y(8).
151
Let l(x) = 129282*x + 1422044. What is l(-11)?
-58
Let a(c) = 4*c**3 + 3104*c**2 + 113*c + 87690. What is a(-776)?
2
Let l(y) = -8*y**2 - 275*y + 9298. Give l(21).
-5
Let t(q) = 138*q - 2554. What is t(25)?
896
Let n(o) = o**2 - 2805*o + 322198. Give n(120).
-2
Let v(z) = 4773*z + 1856694. Determine v(-389).
-3
Let f(p) = 131*p**2 + 12966*p - 303. What is f(-99)?
-6
Let v(a) = -8*a**2 - 385*a - 1026. Give v(-46).
-244
Let z(j) = -3*j**3 - 49*j**2 + 57*j + 57. Calculate z(-17).
-334
Let j(m) = m**3 + 12516*m**2 - 50070*m - 28. Give j(4).
12
Let i(x) = 3*x**2 + 34893*x - 349230. Give i(10).
0
Let n(p) = -668*p - 30112. Give n(-45).
-52
Let v(k) = 5148*k - 1364206. What is v(265)?
14
Let f(t) = t**3 + 49*t**2 + 47*t - 7605. Determine f(-44).
7
Let m(a) = 38*a**2 - 850*a + 3485. Determine m(17).
17
Let j(c) = 272*c**3 - 14*c**2 - 71*c - 79. Determine j(-1).
-294
Let d(o) = 440*o**3 + 2*o**2 + o - 1. Calculate d(-1).
-440
Let o(s) = 76*s**2 + 9838*s - 5396. What is o(-130)?
64
Let k(j) = 23955*j + 982075. Determine k(-41).
-80
Let b(x) = 39*x**2 - 4195*x + 22135. What is b(102)?
1
Let s(q) = -607399*q - 4251801. Calculate s(-7).
-8
Let l(g) = 147*g + 67038. What is l(-456)?
6
Let b(r) = -r**2 + 224*r - 1504. Determine b(7).
15
Let l(d) = 61*d**2 - 13215*d - 52909. Calculate l(-4).
927
Let x(j) = 3462*j + 21033. Calculate x(-6).
261
Let w(c) = c**2 - 70*c + 1493. Calculate w(30).
293
Let v(c) = -10*c**2 - 55*c + 5535. What is v(21)?
-30
Let v(s) = 6*s**3 + 38*s**2 - 2579*s - 17862. Calculate v(-7).
-5
Let i(q) = 3841*q - 8011. What is i(2)?
-329
Let j(p) = 53*p**3 + 319*p**2 + 23*p + 198. Determine j(-6).
96
Let u(b) = -b**2 - 1458*b + 38579. Determine u(26).
-5
Let s(f) = 12*f**2 - 8816*f - 119690. Give s(748).
-10
Let f(b) = 311*b + 3808. Calculate f(-25).
-3967
Let d(f) = 4*f**3 + 137*f**2 + 901*f + 1127. Determine d(-26).
9
Let u(m) = m**3 - 547*m**2 + 2284*m - 60786. What is u(543)?
30
Let m(v) = -286247*v - 2003722. Calculate m(-7).
7
Let a(k) = k**3 + 55*k**2 - 4*k - 6006. Determine a(-52).
2314
Let a(s) = -s**3 + 3*s**2 + 416*s - 3287. What is a(14)?
381
Let i(t) = 56*t - 98. Give i(-1).
-154
Let s(y) = y**2 + 1822*y + 539381. Determine s(-372).
-19
Let b(q) = -q**3 - 172*q**2 + 2219*q + 2032. Calculate b(-184).
8
Let u(x) = -4578*x - 206304. Determine u(-45).
-294
Let k(j) = 89*j - 6520. What is k(72)?
-112
Let p(t) = 405*t + 89918. Determine p(-222).
8
Let q(b) = 179299*b - 717196. Determine q(4).
0
Let g(j) = -149*j**2 - 19*j + 41. Calculate g(-3).
-1243
Let z(y) = 513*y**2 - 84*y + 2. Calculate z(-2).
2222
Let j(t) = 2*t**2 + 453*t - 5444. Give j(-242).
2058
Let b(d) = 237*d - 375. Give b(3).
336
Let x(b) = -5308*b + 323772. What is x(61)?
-16
Let l(k) = 41*k**2 + 284*k - 10617. Give l(-20).
103
Let g(j) = j**3 - 467*j**2 + 3192*j + 193. Determine g(7).
-3
Let v(l) = l**3 + 203*l**2 - 542*l - 69041. Give v(-204).
-89
Let q(w) = w**3 + 499*w**2 + 15678*w - 61380. Give q(-465).
0
Let u(m) = -38*m**2 + 1463*m - 60. What is u(39)?
-801
Let q(i) = -3550*i + 38754. Give q(11).
-296
Let b(r) = r**2 + 88*r + 1540. Determine b(-39).
-371
Let g(u) = -u**2 - 16861*u - 168522. Determine g(-10).
-12
Let f(i) = -i**3 - 94*i**2 + 195*i - 852. Determine f(-96).
-1140
Let k(n) = -n**3 + 10*n**2 + 38*n - 7. Give k(-4).
65
Let b(y) = 260*y - 70. Calculate b(-2).
-590
Let o(w) = 24201*w + 1040520. Determine o(-43).
-123
Let o(h) = -39817*h + 4260420. Calculate o(107).
1
Let z(s) = 2*s**3 - 82*s**2 + 430*s - 64. Calculate z(35).
286
Let p(q) = q**2 - 179*q + 1035. Give p(172).
-169
Let p(a) = 7*a**2 + 312*a - 250. Calculate p(-45).
-115
Let p(w) = 2*w**3 + 62*w**2 + 323*w - 281. Determine p(-24).
31
Let y(f) = 2*f**3 - 819*f**2 + 2841*f - 162. Give y(406).
-568
Let h(g) = 5*g**2 + 900389*g - 900388. What is h(1)?
6
Let b(z) = z**3 + 10*z**2 - 241*z - 2475. Calculate b(-16).
-155
Let i(l) = 1767*l - 15180. Give i(9).
723
Let u(a) = a**2 + 166877*a + 1335086. Determine u(-8).
134
Let v(m) = -7*m**2 + 153*m + 1607. Determine v(-7).
193
Let b(n) = -2*n**3 - 34*n**2 - 1395*n - 21830. Determine b(-16).
-22
Let t(f) = -2*f**2 + 12038*f - 490171. Determine t(41).
25
Let k(v) = 10*v**2 + 544*v - 8793. What is k(16)?
2471
Let y(c) = 105*c - 3660. Calculate y(21).
-1455
Let d(u) = 58*u + 6246. Determine d(-107).
40
Let d(j) = -110*j**2 - 1523*j + 1914. What is d(-15)?
9
Let i(x) = x**3 - 69*x**2 + 1629*x - 74083. Calculate i(62).
7
Let u(b) = -913*b - 233688. Determine u(-256).
40
Let a(r) = -r**3 - 95*r**2 - 371*r - 17181. Calculate a(-93).
24
Let v(p) = -p**3 - 4*p**2 - 229733*p - 689189. Calculate v(-3).
1
Let p(i) = 14*i**3 - 14*i**2 + 10*i + 14. Calculate p(2).
90
Let k(q) = -1047*q + 15575. Give k(15).
-130
Let j(g) = 121766*g + 852380. Determine j(-7).
18
Let h(r) = 246*r**2 - 921*r + 701. What is h(1)?
26
Let m(u) = -3*u**3 + 33*u**2 - 1057*u + 5180. Determine m(6).
-622
Let i(v) = 61*v**2 + 88*v - 87. Calculate i(1).
62
Let v(u) = 816*u - 13996. What is v(17)?
-124
Let u(f) = 184*f - 1353. What is u(4)?
-617
Let t(p) = p**3 - 39*p**2 - 136*p + 228. Give t(42).
-192
Let b(m) = 2*m**3 + 108*m**2 - 1075*m - 53049. What is b(-55)?
26
Let g(p) = 8*p**2 + 360*p - 353. Give g(-46).
15
Let g(a) = 55740*a - 1282033. Calculate g(23).
-13
Let z(p) = -p**3 + 19*p**2 + 1631*p - 13753. Calculate z(8).
-1
Let h(f) = -f**3 - 30*f**2 - f + 1419. What is h(-28)?
-121
Let d(c) = -359846*c + 11874924. Determine d(33).
6
Let l(b) = -4*b**2 - 82*b - 216. Give l(-19).
-102
Let w(b) = -28*b**3 - 38*b**2 + 49*b - 8. Determine w(1).
-25
Let b(h) = 6*h**2 + 1730*h - 36964. What is b(20)?
36
Let a(u) = 6*u**2 - 4149*u - 20889. Give a(-5).
6
Let q(x) = -31*x**3 + 5948*x**2 + 755*x + 2487. Calculate q(192).
-9
Let x(g) = -2*g**3 + 184*g**2 - 399*g + 19847. Calculate x(91).
100
Let p(t) = 10*t**2 + 584*t + 3256. Give p(-6).
112
Let y(u) = 2*u**2 - 935*u + 72177. What is y(370)?
27
Let u(m) = -m**3 - 170*m**2 - 726*m - 10260. What is u(-166)?
32
Let i(z) = 690*z - 94753. Give i(137).
-223
Let q(b) = b**3 - 23*b**2 - 2*b + 1022. What is q(0)?
1022
Let h(u) = u**3 + 20*u**2 + 95*u - 88. What is h(-12)?
-76
Let l(o) = 7124*o - 1973342. Calculate l(277).
6
Let u(d) = -d**2 + 1366*d - 293433. Calculate u(267).
0
Let h(f) = 47*f + 270. Determine h(-3).
129
Let o(z) = -20362*z + 142536. Determine o(7).
2
Let r(q) = 387*q**2 - 14757*q - 72. Determine r(38).
-2010
Let a(x) = x**3 - 100*x**2 + 741*x - 593. Give a(92).
-133
Let d(n) = -n**2 - 720298*n + 4321817. Determine d(6).
-7
Let w(i) = -3077*i + 25493. What is w(8)?
877
Let r(o) = -2*o**3 - 51*o**2 - 233*o - 5170. Calculate r(-25).
30
Let q(x) = 24*x**2 - 659*x - 1829. Give q(30).
1
Let d(z) = -8*z**3 + 6662*z**2 - 5020*z + 23278. Give d(832).
-18
Let o(j) = -392*j**2 + 169*j + 169. Calculate o(-1).
-392
Let q(x) = x**3 - 82*x**2 + 83*x - 123. Determine q(81).
39
Let y(r) = -1266*r + 2540. Determine y(2).
8
Let z(d) = -2364*d - 196348. Give z(-83).
-136
Let n(c) = -c**3 + 58*c**2 - 4*c + 78. Determine n(58).
-154
Let v(m) = 3*m**2 + 368*m + 3572. Calculate v(-10).
192
Let w(u) = u**2 - 1041*u - 433825. Give w(-319).
15
Let w(y) = y**3 + 73*y**2 - 3089*y - 39. What is w(-103)?
-142
Let b(n) = n**3 - 10*n**2 + 1072*n - 10674. Determine b(10).
46
Let m(i) = -i**3 - 1639*i**2 + 65346*i + 3745. What is m(39)?
1
Let o(t) = 176946*t - 3008119. Give o(17).
-37
Let f(t) = t**3 + 4*t**2 - 230*t - 687. Determine f(-3).
12
Let k(c) = 8836*c - 282766. Determine k(32).
-14
Let b(p) = p**3 - 106*p**2 - 37*p - 7505. What is b(107)?
-15
Let q(m) = m**3 - 63*m**2 - 1266*m - 32. Give q(-16).
0
Let f(k) = -5284*k - 36960. Determine f(-7).
28
Let x(d) = -16*d**3 + 268*d**2 + 22*d - 144. Determine 